Daily Noaa Report Mese


Daily NOAA report
                            MONTHLY CLIMATOLOGICAL SUMMARY for AUG. 2017

NAME:    CITY:  STATE: 
ELEV:  LAT:  LONG: 

                            TEMPERATURE ( ░C), RAIN (mm), WIND SPEED (kmh)

                                               HEAT     COOL           AVG
      MEAN                                     DEG      DEG            WIND                       DOM
DAY   TEMP    HIGH   TIME     LOW    TIME      DAYS     DAYS    RAIN   SPEED    HIGH    TIME      DIR
----------------------------------------------------------------------------------------------------------------------------------------------------------
01    27.1    29.4   16:11    24.3   04:44     00.0     08.8    00.0   04.1     16.6    16:12      E 
02    29.2    32.4   17:04    25.7   00:01     00.0     10.9    00.0   03.2     12.9    17:09     ESE
03    29.4    31.6   16:02    26.5   01:33     00.0     11.1    00.0   03.9     14.8    15:05      E 
04    29.4    32.8   18:17    26.1   04:40     00.0     11.1    00.0   03.2     12.9    13:34     ENE
05    30.1    32.8   17:08    26.9   03:40     00.0     11.8    00.0   05.4     14.8    12:18      E 
06    29.8    33.4   10:56    27.0   06:13     00.0     11.5    00.0   03.8     14.8    13:18     ESE
07    29.4    32.3   13:02    26.5   04:40     00.0     11.1    00.0   04.1     12.9    21:49      E 
08    29.4    33.1   14:02    27.0   03:40     00.0     11.1    00.0   04.5     14.8    11:44      E 
09    30.9    34.1   12:14    28.0   06:33     00.0     12.6    00.0   04.5     14.8    17:40      E 
10    31.1    34.4   15:23    29.1   00:00     00.0     12.8    00.0   05.3     33.3    23:56      SE
11    27.3    29.2   00:07    25.9   22:35     00.0     09.0    00.0   06.2     31.4    00:15     ENE
12    25.9    27.6   12:02    24.4   06:30     00.0     07.6    00.0   08.4     24.1    22:01      W 
13    25.5    27.4   14:34    23.2   23:49     00.0     07.2    00.0   08.3     24.1    15:55      W 
14    25.1    27.9   17:07    22.1   05:14     00.0     06.8    00.0   04.1     14.8    15:47      E 
15    25.3    28.0   17:11    22.5   06:39     00.0     07.0    00.0   04.3     14.8    16:24      E 
16    25.8    29.0   16:39    22.9   06:33     00.0     07.5    00.0   03.8     16.6    17:41      S 
17    26.9    31.0   13:51    23.5   01:52     00.0     08.6    00.0   04.7     18.5    12:05      SW
18    26.3    29.2   14:53   -29.1   10:57     00.0     08.0    00.0   05.1     16.6    15:01      E 
19    27.1    29.5   15:14    24.5   01:49     00.0     08.8    00.0   03.9     14.8    13:54      E 
20    27.4    30.1   14:32    24.4   05:37     00.0     09.1    00.0   04.5     16.6    23:33     ESE
21    26.2    28.4   14:29    24.1   05:31     00.0     07.9    00.0   08.0     27.8    13:43     WSW
22    26.0    28.8   16:53    23.1   06:09     00.0     07.7    00.0   05.9     25.9    12:35      SW
----------------------------------------------------------------------------------------------------------------------------------------------------------
27.7 (26.6)   34.4  day 10    -29.1  day 18   000.0    207.9   000.0   05.0     33.3   day 10     ESE
Max >=  30: 11
Min <=   30: 22
Min <= -18: 1
Min <=  -5: 1
Min <= -10: 1
Min <= -15: 1
Min <= -20: 1
Min <= -25: 1
Max Rain: 0.0 ON 0-08-17
Days of Rain: 0 (> .2mm) 0 (> 2mm) 0 (> 20mm)