Daily Noaa Report Mese


Daily NOAA report
                            MONTHLY CLIMATOLOGICAL SUMMARY for JUL. 2018

NAME:    CITY:  STATE: 
ELEV:  LAT:  LONG: 

                            TEMPERATURE ( ░C), RAIN (mm), WIND SPEED (kmh)

                                               HEAT     COOL           AVG
      MEAN                                     DEG      DEG            WIND                       DOM
DAY   TEMP    HIGH   TIME     LOW    TIME      DAYS     DAYS    RAIN   SPEED    HIGH    TIME      DIR
----------------------------------------------------------------------------------------------------------------------------------------------------------
01    23.9    26.3   13:59    21.1   04:40     00.0     05.6    00.0   04.2     18.5    14:47      E 
02    25.2    27.3   13:40    22.4   03:32     00.0     06.9    00.0   03.9     12.9    20:48     ESE
03    24.5    25.6   19:03    23.3   00:10     00.0     06.2    00.0   02.5     09.3    20:12      E 
04    25.3    26.8   13:47    22.8   00:00     00.0     07.0    00.0   04.8     16.6    19:05     ENE
05    25.2    29.6   15:11    22.3   04:40     00.0     06.9    00.0   04.7     24.1    23:50      E 
06    25.0    26.9   17:02    22.6   06:40     00.0     06.7    00.0   06.9     25.9    17:39     WSW
07    24.5    26.5   16:52    22.2   05:40     00.0     06.2    00.0   06.9     22.2    16:42     WSW
08    24.5    26.3   16:05    22.6   07:40     00.0     06.2    00.0   05.9     14.8    15:09     SSW
09    24.4    26.8   13:47    21.8   04:40     00.0     06.1    00.0   05.0     14.8    20:24     SSW
10    24.3    27.2   16:46    21.6   06:40     00.0     06.0    00.0   04.6     12.9    17:06      E 
11    24.8    27.5   16:19    22.1   06:40     00.0     06.5    00.0   04.4     16.6    14:11      E 
12    25.4    28.0   14:18    22.2   05:40     00.0     07.1    00.0   04.4     14.8    15:21      E 
13    26.9    29.0   14:57    24.0   03:21     00.0     08.6    00.0   04.5     20.4    16:30     ENE
14    26.8    30.1   13:41    24.1   06:40     00.0     08.5    00.0   05.4     18.5    15:42      E 
----------------------------------------------------------------------------------------------------------------------------------------------------------
25.1 (25.0)   30.1  day 14     21.1  day 01   000.0    094.5   000.0   04.9     25.9   day 06     ESE
Max >=  30: 1
Min <=   30: 14
Max Rain: 0.0 ON 0-07-18
Days of Rain: 0 (> .2mm) 0 (> 2mm) 0 (> 20mm)