Daily Noaa Report Mese


Daily NOAA report
                            MONTHLY CLIMATOLOGICAL SUMMARY for DEC. 2017

NAME:    CITY:  STATE: 
ELEV:  LAT:  LONG: 

                            TEMPERATURE ( ░C), RAIN (mm), WIND SPEED (kmh)

                                               HEAT     COOL           AVG
      MEAN                                     DEG      DEG            WIND                       DOM
DAY   TEMP    HIGH   TIME     LOW    TIME      DAYS     DAYS    RAIN   SPEED    HIGH    TIME      DIR
----------------------------------------------------------------------------------------------------------------------------------------------------------
01    10.7    11.6   11:03    09.9   20:01     07.6     00.0    12.3   06.5     24.1    11:32     SSW
02    10.9    14.5   14:44    08.8   08:40     07.4     00.0    00.5   10.1     46.3    22:09     SSW
03    11.2    13.4   14:40    08.9   01:40     07.1     00.0    00.0   16.0     37.0    00:13     SSW
04    10.8    13.3   11:16    09.1   19:12     07.5     00.0    01.5   14.9     33.3    13:11     SSW
05    11.9    13.4   11:37    10.0   05:40     06.4     00.0    03.1   06.5     22.2    09:53      SW
06    11.2    14.9   12:51    09.3   04:40     07.1     00.0    00.0   02.1     11.1    21:29      SE
07    10.9    14.1   15:40   -28.8   19:06     07.4     00.0    00.0   02.5     12.9    20:58     SSE
08    11.5    14.5   00:00    09.1   08:40     06.8     00.0    00.0   05.4     46.3    23:26     SSW
09    13.9    15.7   10:03    11.7   23:21     04.4     00.0    01.0   23.0     61.0    11:14      SW
10    11.4    13.8   14:55    09.1   18:20     06.9     00.0    00.0   08.5     29.6    23:49      SW
11    15.7    18.2   13:34    13.3   00:01     02.6     00.0    00.0   06.7     29.6    04:40     SSW
12    16.5    20.1   14:35    14.2   07:40     01.8     00.0    00.0   03.3     14.8    18:06     SSE
13    15.8    19.3   12:36    13.1   22:57     02.5     00.0    00.0   08.8     29.6    19:02     SSW
----------------------------------------------------------------------------------------------------------------------------------------------------------
12.5 (11.3)   20.1  day 12    -28.8  day 07   075.4    000.0   018.4   08.8     61.1   day 09     SSW
Min <=   30: 13
Min <= -18: 1
Min <=  -5: 1
Min <= -10: 1
Min <= -15: 1
Min <= -20: 1
Min <= -25: 1
Max Rain: 12.3 ON 1-12-17
Days of Rain: 5 (> .2mm) 2 (> 2mm) 0 (> 20mm)