Daily Noaa Report Mese


Daily NOAA report
                            MONTHLY CLIMATOLOGICAL SUMMARY for JUN. 2017

NAME:    CITY:  STATE: 
ELEV:  LAT:  LONG: 

                            TEMPERATURE ( ░C), RAIN (mm), WIND SPEED (kmh)

                                               HEAT     COOL           AVG
      MEAN                                     DEG      DEG            WIND                       DOM
DAY   TEMP    HIGH   TIME     LOW    TIME      DAYS     DAYS    RAIN   SPEED    HIGH    TIME      DIR
----------------------------------------------------------------------------------------------------------------------------------------------------------
01    21.5    24.0   13:17    18.4   05:43     00.0     03.2    00.0   05.1     18.5    15:32      E 
02    21.8    26.6   16:14    19.1   01:12     00.0     03.5    00.0   04.1     20.4    16:47      E 
03    22.2    24.6   13:34    19.5   03:07     00.0     03.9    00.0   05.1     16.6    17:43     ENE
04    22.3    24.9   14:26    19.2   06:40     00.0     04.0    00.0   04.8     16.6    11:43      E 
05    22.4    24.8   12:34    19.8   05:17     00.0     04.1    00.0   04.2     18.5    13:20     ENE
06    22.0    24.8   13:30    19.1   05:22     00.0     03.7    00.5   04.8     20.4    20:59      S 
07    21.9    24.2   14:27    19.8   03:56     00.0     03.6    00.0   03.7     14.8    17:15      SE
08    22.4    25.0   12:46    19.8   03:59     00.0     04.1    00.0   05.1     18.5    15:03     ENE
09    22.2    25.1   15:42    18.6   04:49     00.0     03.9    00.0   04.1     14.8    17:00      E 
10    22.6    25.4   14:56    19.4   04:39     00.0     04.3    00.0   04.3     18.5    12:33      E 
11    22.6    25.1   15:47    20.9   23:58     00.0     04.3    00.0   03.4     12.9    15:23     ENE
12    23.0    25.6   16:51    19.9   05:20     00.0     04.7    00.0   05.4     12.9    17:18      E 
13    23.7    26.4   15:56    20.5   03:55     00.0     05.4    00.0   04.9     16.6    16:00      E 
14    23.8    26.5   16:40    20.9   06:40     00.0     05.5    00.0   05.5     12.9    16:40      E 
15    24.4    26.6   15:40    21.0   06:40     00.0     06.1    00.0   05.2     09.3    11:40      E 
16    24.6    27.1   14:40    21.9   04:40     00.0     06.3    00.0   03.2     09.3    17:40      E 
17    25.3    27.5   15:40    22.6   05:40     00.0     07.0    00.0   03.9     09.3    16:40     ENE
18    24.6    26.9   12:40    22.5   00:00     00.0     06.3    00.0   04.5     20.4    15:40      E 
19    23.8    25.3   10:40    21.9   01:40     00.0     05.5    00.0   05.4     12.9    14:40     ENE
20    24.3    27.8   16:40    20.9   06:40     00.0     06.0    00.0   03.8     14.8    17:11      E 
21    23.9    26.6   15:53    21.1   04:56     00.0     05.6    00.0   04.6     16.6    18:44      E 
22    24.8    27.4   13:33   -00.1   02:19     00.0     06.5    00.0   03.8     16.6    13:51      E 
23    24.7    27.3   14:40    21.7   05:15     00.0     06.4    00.0   04.3     12.9    12:40      E 
24    24.9    27.6   15:41    22.2   04:39     00.0     06.6    00.0   04.4     16.6    14:48      E 
----------------------------------------------------------------------------------------------------------------------------------------------------------
23.3 (22.8)   27.8  day 20    -00.1  day 22   000.0    120.5   000.5   04.5     20.4   day 18      E 
Min <=   30: 24
Max Rain: 0.5 ON 6-06-17
Days of Rain: 1 (> .2mm) 0 (> 2mm) 0 (> 20mm)