Daily Noaa Report Mese


Daily NOAA report
                            MONTHLY CLIMATOLOGICAL SUMMARY for JUL. 2019

NAME:    CITY:  STATE: 
ELEV:  LAT:  LONG: 

                            TEMPERATURE ( ░C), RAIN (mm), WIND SPEED (kmh)

                                               HEAT     COOL           AVG
      MEAN                                     DEG      DEG            WIND                       DOM
DAY   TEMP    HIGH   TIME     LOW    TIME      DAYS     DAYS    RAIN   SPEED    HIGH    TIME      DIR
----------------------------------------------------------------------------------------------------------------------------------------------------------
01    25.9    28.8   14:06    23.0   05:24     00.0     07.6    00.0   04.3     16.6    12:53      E 
02    25.8    28.9   14:46    22.9   05:47     00.0     07.5    00.0   04.7     14.8    15:36      E 
03    26.0    28.9   14:13    23.5   05:40     00.0     07.7    00.0   04.0     12.9    15:50      E 
04    26.7    29.3   15:37    23.6   02:56     00.0     08.4    00.0   03.5     14.8    14:41      E 
05    27.1    29.9   16:36    24.9   02:54     00.0     08.8    00.0   03.7     12.9    17:07      E 
06    26.7    29.1   14:10    23.4   05:19     00.0     08.4    00.0   05.1     16.6    12:37      E 
07    27.7    31.2   13:53    23.8   03:22     00.0     09.4    00.0   04.0     12.9    18:16     ESE
08    29.0    32.4   16:40    26.3   23:24     00.0     10.7    00.0   04.8     14.8    09:40     SSW
09    29.1    35.4   19:02    24.9   06:05     00.0     10.8    00.0   04.8     18.5    19:09      E 
10    29.5    37.3   05:08    25.4   23:52     00.0     11.2    00.0   10.1     72.2    05:08     SSW
11    26.1    27.9   15:20    23.6   23:43     00.0     07.8    00.0   07.6     29.6    02:56      SW
12    25.5    28.2   14:31    22.4   04:10     00.0     07.2    00.0   04.8     16.6    11:30      SE
13    27.2    30.2   15:22    23.8   06:40     00.0     08.9    00.0   05.1     20.4    15:42     SSE
14    26.7    28.9   01:42    25.1   23:59     00.0     08.4    00.0   05.8     25.9    08:09     SSE
15    25.7    28.9   11:22    22.1   04:50     00.0     07.4    03.6   05.9     24.1    03:49     SSW
16    24.3    26.0   16:26    19.1   09:37     00.0     06.0    05.7   13.6     35.1    10:16     SSW
17    25.0    27.1   15:03    21.9   05:35     00.0     06.7    00.5   05.3     24.1    14:38      SW
18    24.4    27.9   13:36    21.6   02:23     00.0     06.1    00.0   05.1     16.6    04:46     SSE
19    24.3    27.0   15:43    20.9   04:01     00.0     06.0    00.0   05.3     18.5    13:18      E 
----------------------------------------------------------------------------------------------------------------------------------------------------------
26.5 (26.5)   37.3  day 10     19.1  day 16   000.0    155.0   009.8   05.7     72.2   day 10      SE
Max >=  30: 5
Min <=   30: 19
Max Rain: 5.7 ON 16-07-19
Days of Rain: 3 (> .2mm) 2 (> 2mm) 0 (> 20mm)