Daily Noaa Report Mese


Daily NOAA report
                            MONTHLY CLIMATOLOGICAL SUMMARY for APR. 2017

NAME:    CITY:  STATE: 
ELEV:  LAT:  LONG: 

                            TEMPERATURE ( ░C), RAIN (mm), WIND SPEED (kmh)

                                               HEAT     COOL           AVG
      MEAN                                     DEG      DEG            WIND                       DOM
DAY   TEMP    HIGH   TIME     LOW    TIME      DAYS     DAYS    RAIN   SPEED    HIGH    TIME      DIR
----------------------------------------------------------------------------------------------------------------------------------------------------------
01    16.7    20.8   18:43    12.7   02:57     01.6     00.0    00.0   04.3     16.6    22:44     ESE
02    14.4    18.6   01:21    10.9   12:53     03.9     00.0    09.7   08.8     40.7    23:44      SW
03    13.2    15.8   11:39    10.7   06:27     05.1     00.0    12.8   14.6     46.3    01:15      SW
04    12.8    15.4   15:03    10.7   03:38     05.5     00.0    07.7   02.5     16.6    11:45     SSW
05    14.8    56.9   02:52    12.0   06:46     03.5     00.0    00.0   05.4     16.6    07:25     SSE
06    14.9    17.4   15:15    11.9   05:58     03.4     00.0    00.0   03.9     12.9    05:54     SSE
07    15.2    17.7   12:22    11.9   22:32     03.1     00.0    00.0   04.0     16.6    12:17     ESE
08    14.9    17.8   15:04    12.6   01:05     03.4     00.0    00.0   03.0     14.8    12:55     ENE
09    14.6    17.1   15:34    12.3   05:44     03.7     00.0    00.0   02.6     16.6    14:00      E 
10    15.3    19.3   17:05    12.3   07:01     03.0     00.0    00.0   04.7     14.8    06:51      S 
11    15.0    17.8   16:51    12.5   02:39     03.3     00.0    00.0   04.7     16.6    01:29     SSE
12    15.5    18.2   14:52    12.1   03:33     02.8     00.0    00.0   03.7     18.5    21:53      SE
13    15.4    18.5   13:30    12.5   06:43     02.9     00.0    00.0   04.1     14.8    15:05      SE
14    15.6    18.6   15:27    11.8   06:23     02.7     00.0    00.0   04.7     16.6    13:02     ESE
15    17.7    21.3   15:47    13.1   04:46     00.6     00.0    00.0   03.7     14.8    19:57     SSE
16    17.8    20.8   08:55    15.8   22:29     00.5     00.0    00.0   07.3     29.6    23:24      SW
17    16.9    18.9   15:05    14.3   23:18     01.4     00.0    00.0   08.8     29.6    03:24      SW
18    16.7    20.4   23:52    12.8   06:24     01.6     00.0    00.0   05.8     33.3    22:07     SSE
19    15.9    20.3   00:01   -05.6   02:09     02.4     00.0    00.0   15.1     35.1    03:06     WSW
20    12.9    14.4   11:58    09.9   23:15     05.4     00.0    00.0   07.8     25.9    08:55      E 
21    11.7    14.1   13:06    10.1   02:15     06.6     00.0    00.0   05.6     27.8    14:45      E 
22    13.3    16.4   16:30    09.9   01:03     05.0     00.0    00.0   07.7     24.1    16:01     WSW
23    14.2    17.1   15:49    11.1   06:17     04.1     00.0    00.0   05.2     22.2    01:54      SE
24    14.5    17.6   14:24    11.4   06:07     03.8     00.0    00.0   05.2     16.6    18:48      E 
25    16.0    18.8   15:57    11.6   05:02     02.3     00.0    00.0   06.5     20.4    14:22      E 
26    19.7    24.5   18:56    14.8   05:06     00.0     01.4    00.0   05.0     20.4    19:16     SSE
27    22.0    24.6   19:52    19.1   05:04     00.0     03.7    00.0   04.9     14.8    21:39      SE
28    20.7    24.3   01:02    17.2   21:42     00.0     02.4    00.0   05.4     31.4    06:20     SSW
29    15.8    17.8   02:52    13.2   22:45     02.5     00.0    00.0   06.0     25.9    03:53     ENE
----------------------------------------------------------------------------------------------------------------------------------------------------------
15.7 (16.0)   56.9  day 05    -05.6  day 19   084.1    007.5   030.2   05.9     46.3   day 03      S 
Max >=  30: 1
Min <=   30: 29
Min <=  -5: 1
Max Rain: 12.8 ON 3-04-17
Days of Rain: 3 (> .2mm) 3 (> 2mm) 0 (> 20mm)