Daily Noaa Report Mese


Daily NOAA report
                            MONTHLY CLIMATOLOGICAL SUMMARY for FEB. 2018

NAME:    CITY:  STATE: 
ELEV:  LAT:  LONG: 

                            TEMPERATURE ( ░C), RAIN (mm), WIND SPEED (kmh)

                                               HEAT     COOL           AVG
      MEAN                                     DEG      DEG            WIND                       DOM
DAY   TEMP    HIGH   TIME     LOW    TIME      DAYS     DAYS    RAIN   SPEED    HIGH    TIME      DIR
----------------------------------------------------------------------------------------------------------------------------------------------------------
01    13.2    16.8   00:00    09.8   06:40     05.1     00.0    01.0   03.9     20.4    22:52      S 
02    18.4    22.1   16:06    15.6   02:40     00.0     00.1    00.0   13.9     75.8    21:33     SSW
03    14.7    18.9   01:40    11.0   22:31     03.6     00.0    00.0   17.3     38.9    12:28     SSW
04    10.4    13.2   15:31    07.9   23:38     07.9     00.0    00.0   09.6     38.9    00:50     SSW
05    11.0    15.1   13:41    07.3   07:40     07.3     00.0    00.0   05.6     29.6    17:14     SSE
06    13.8    16.9   15:40    10.1   19:44     04.5     00.0    00.5   06.6     22.2    17:13     ENE
07    14.0    15.9   02:40    12.1   20:59     04.3     00.0    00.5   12.7     50.0    15:34     SSW
08    11.7    13.1   13:45    10.2   23:43     06.6     00.0    02.1   08.3     31.4    00:19     SSW
09    10.8    13.0   12:25    08.7   06:40     07.5     00.0    02.5   05.0     22.2    23:54     ENE
10    10.6    12.5   12:23    08.4   09:54     07.7     00.0    08.2   10.1     33.3    14:37     WSW
11    10.0    12.3   12:39    07.9   08:41     08.3     00.0    03.6   16.9     35.1    12:08     SSW
12    11.8    15.0   00:00    09.3   07:40     06.5     00.0    01.0   14.7     38.9    23:39     SSW
13    10.7    15.6   03:40    06.9   18:26     07.6     00.0    12.8   20.5     46.3    23:03      SW
14    09.2    12.1   11:20    06.2   19:25     09.1     00.0    04.6   22.0     51.8    20:51     SSW
15    09.8    10.9   14:27    08.8   00:07     08.5     00.0    00.0   11.5     37.0    08:59     WSW
16    09.6    12.9   15:20    07.5   06:40     08.7     00.0    00.0   02.9     12.9    12:56      SE
17    10.0    12.6   13:47    07.2   03:40     08.3     00.0    00.0   02.8     12.9    12:20     ESE
18    11.1    13.2   11:04    09.3   05:40     07.2     00.0    00.0   01.9     14.8    02:07      E 
19    11.5    13.3   13:20    10.2   22:29     06.8     00.0    17.0   04.7     24.1    00:00     SSW
20    10.5    13.1   13:41    08.1   23:13     07.8     00.0    05.7   07.4     29.6    09:40     SSW
21    09.9    12.0   13:37    08.2   01:02     08.4     00.0    02.1   11.9     29.6    16:18     SSW
22    11.0    14.2   13:32    08.1   02:40     07.3     00.0    00.5   03.9     22.2    09:52     SSE
23    10.7    14.3   12:12    07.9   19:51     07.6     00.0    14.5   13.6     46.3    17:26     SSW
24    11.5    14.0   12:23    09.4   00:00     06.8     00.0    00.0   13.5     33.3    04:40     SSW
25    09.4    10.6   20:55    08.4   04:40     08.9     00.0    07.2   09.8     44.4    22:52     SSW
----------------------------------------------------------------------------------------------------------------------------------------------------------
11.4 (11.6)   22.1  day 02     06.2  day 14   172.2    000.1   083.9   10.1     75.9   day 02     SSW
Min <=   30: 25
Max Rain: 17.0 ON 19-02-18
Days of Rain: 16 (> .2mm) 11 (> 2mm) 0 (> 20mm)