Daily Noaa Report Mese


Daily NOAA report
                            MONTHLY CLIMATOLOGICAL SUMMARY for OCT. 2017

NAME:    CITY:  STATE: 
ELEV:  LAT:  LONG: 

                            TEMPERATURE ( ░C), RAIN (mm), WIND SPEED (kmh)

                                               HEAT     COOL           AVG
      MEAN                                     DEG      DEG            WIND                       DOM
DAY   TEMP    HIGH   TIME     LOW    TIME      DAYS     DAYS    RAIN   SPEED    HIGH    TIME      DIR
----------------------------------------------------------------------------------------------------------------------------------------------------------
01    19.9    22.9   14:40    17.5   07:40     00.0     01.6    00.0   03.3     09.3    16:40      E 
02    19.7    23.1   13:40    17.8   22:40     00.0     01.4    04.1   02.8     16.6    18:31     SSE
03    21.1    22.8   13:40    18.2   00:40     00.0     02.8    00.0   03.1     12.9    10:36     ENE
04    22.0    23.4   16:40    20.3   06:40     00.0     03.7    00.0   02.5     12.9    10:17     ENE
05    21.5    21.8   00:00    21.5   00:40     00.0     03.2    00.0   04.6     14.8    00:00      SW
06    22.4    24.2   12:40    20.8   06:40     00.0     04.1    00.0   09.7     27.8    00:00      SW
07    19.9    22.3   00:40    18.7   00:00     00.0     01.6    00.5   15.2     33.3    09:11     SSE
08    18.6    21.3   15:40    15.8   07:40     00.0     00.3    00.0   06.1     11.1    22:40     SSW
09    20.6    23.6   15:33    17.5   01:40     00.0     02.3    00.0   10.6     29.6    10:19      SW
10    20.5    20.5   00:00    20.4   23:05     00.0     02.2    00.0   20.3     25.9    23:02      SW
11    19.5    21.9   15:40    17.1   07:40     00.0     01.2    31.0   06.6     35.1    01:13     SSW
12    19.7    21.4   17:46    17.4   00:59     00.0     01.4    00.0   02.9     14.8    00:45     SSE
13    19.0    21.5   13:40    17.0   07:40     00.0     00.7    00.0   03.7     11.1    00:45     ESE
14    19.0    21.6   14:40    16.8   03:40     00.0     00.7    00.0   03.2     11.1    00:53     ESE
15    18.8    21.3   16:51    16.9   23:50     00.0     00.5    00.0   03.0     12.9    19:17     SSE
16    18.7    21.5   14:39    16.7   07:40     00.0     00.4    00.0   04.3     12.9    15:47      SE
17    18.7    21.5   15:24    16.7   06:40     00.0     00.4    00.0   04.0     11.1    19:18     SSE
18    17.5    17.5   00:40    17.4   00:00     00.8     00.0    00.0   03.6     03.7    23:00      S 
19    18.8    21.3   14:40    16.5   07:40     00.0     00.5    00.0   04.1     12.9    17:10      SE
20    20.3    22.2   13:40    17.8   02:40     00.0     02.0    00.0   04.8     11.1    19:17     ESE
21    20.1    22.3   14:40    18.4   23:24     00.0     01.8    00.0   04.1     12.9    21:38      SE
----------------------------------------------------------------------------------------------------------------------------------------------------------
19.9 (19.9)   24.2  day 06     15.8  day 08   000.8    040.1   035.6   06.0     35.2   day 10      S 
Min <=   30: 24
Max Rain: 31.0 ON 11-10-17
Days of Rain: 3 (> .2mm) 2 (> 2mm) 1 (> 20mm)